{"id":177,"date":"2023-06-18T22:06:09","date_gmt":"2023-06-18T22:06:09","guid":{"rendered":"https:\/\/fpinop.wpia.uw.edu.pl\/?page_id=177"},"modified":"2023-07-10T13:00:59","modified_gmt":"2023-07-10T13:00:59","slug":"kontakt","status":"publish","type":"page","link":"https:\/\/fpinop.wpia.uw.edu.pl\/index.php\/kontakt\/","title":{"rendered":"Kontakt"},"content":{"rendered":"\n<p>Wydzia\u0142 Prawa i Administracji Uniwersytetu Warszawskiego<br>Collegium Iuridicum I, pok\u00f3j 318<br>Krakowskie Przedmie\u015bcie 26\/28,<br>00-927 Warszawa<\/p>\n\n\n\n<iframe src=\"https:\/\/www.google.com\/maps\/embed?pb=!1m18!1m12!1m3!1d2443.14582076679!2d21.01652871298303!3d52.240734971872534!2m3!1f0!2f0!3f0!3m2!1i1024!2i768!4f13.1!3m3!1m2!1s0x471ecc5c723987b1%3A0xd1fa9a4b7b470007!2sWydzia%C5%82%20Prawa%20i%20Administracji%20Uniwersytetu%20Warszawskiego.%20Collegium%20Iuridicum%20I!5e0!3m2!1spl!2sit!4v1688905182435!5m2!1spl!2sit\" width=\"100%\" height=\"140%\" style=\"border:0;\" allowfullscreen=\"true\" loading=\"lazy\" referrerpolicy=\"no-referrer-when-downgrade\"><\/iframe>\n\n\n\n<p><\/p>\n\n\n\n<p>Profil katedry na <a href=\"https:\/\/facebook.com\/fpinop\/\" target=\"_blank\" rel=\"noreferrer noopener\">Facebooku<\/a>.<\/p>\n","protected":false},"excerpt":{"rendered":"<p>Wydzia\u0142 Prawa i Administracji Uniwersytetu WarszawskiegoCollegium Iuridicum I, pok\u00f3j 318Krakowskie Przedmie\u015bcie 26\/28,00-927 Warszawa Profil katedry na Facebooku.<\/p>\n","protected":false},"author":1,"featured_media":0,"parent":0,"menu_order":0,"comment_status":"closed","ping_status":"closed","template":"","meta":{"_themeisle_gutenberg_block_has_review":false,"footnotes":""},"class_list":["post-177","page","type-page","status-publish","hentry"],"yoast_head":"<!-- This site is optimized with the Yoast SEO plugin v20.10 - https:\/\/yoast.com\/wordpress\/plugins\/seo\/ -->\n<title>Kontakt - Katedra Filozofii Prawa i Nauki o Pa\u0144stwie<\/title>\n<meta name=\"robots\" content=\"index, follow, max-snippet:-1, max-image-preview:large, max-video-preview:-1\" \/>\n<link rel=\"canonical\" href=\"https:\/\/fpinop.wpia.uw.edu.pl\/index.php\/kontakt\/\" \/>\n<meta property=\"og:locale\" content=\"pl_PL\" \/>\n<meta property=\"og:type\" content=\"article\" \/>\n<meta property=\"og:title\" content=\"Kontakt - Katedra Filozofii Prawa i Nauki o Pa\u0144stwie\" \/>\n<meta property=\"og:description\" content=\"Wydzia\u0142 Prawa i Administracji Uniwersytetu WarszawskiegoCollegium Iuridicum I, pok\u00f3j 318Krakowskie Przedmie\u015bcie 26\/28,00-927 Warszawa Profil katedry na Facebooku.\" \/>\n<meta property=\"og:url\" content=\"https:\/\/fpinop.wpia.uw.edu.pl\/index.php\/kontakt\/\" \/>\n<meta property=\"og:site_name\" content=\"Katedra Filozofii Prawa i Nauki o Pa\u0144stwie\" \/>\n<meta property=\"article:modified_time\" content=\"2023-07-10T13:00:59+00:00\" \/>\n<meta name=\"twitter:card\" content=\"summary_large_image\" \/>\n<meta name=\"twitter:label1\" content=\"Szacowany czas czytania\" \/>\n\t<meta name=\"twitter:data1\" content=\"1 minuta\" \/>\n<script type=\"application\/ld+json\" class=\"yoast-schema-graph\">{\"@context\":\"https:\/\/schema.org\",\"@graph\":[{\"@type\":\"WebPage\",\"@id\":\"https:\/\/fpinop.wpia.uw.edu.pl\/index.php\/kontakt\/\",\"url\":\"https:\/\/fpinop.wpia.uw.edu.pl\/index.php\/kontakt\/\",\"name\":\"Kontakt - Katedra Filozofii Prawa i Nauki o Pa\u0144stwie\",\"isPartOf\":{\"@id\":\"https:\/\/fpinop.wpia.uw.edu.pl\/#website\"},\"datePublished\":\"2023-06-18T22:06:09+00:00\",\"dateModified\":\"2023-07-10T13:00:59+00:00\",\"breadcrumb\":{\"@id\":\"https:\/\/fpinop.wpia.uw.edu.pl\/index.php\/kontakt\/#breadcrumb\"},\"inLanguage\":\"pl-PL\",\"potentialAction\":[{\"@type\":\"ReadAction\",\"target\":[\"https:\/\/fpinop.wpia.uw.edu.pl\/index.php\/kontakt\/\"]}]},{\"@type\":\"BreadcrumbList\",\"@id\":\"https:\/\/fpinop.wpia.uw.edu.pl\/index.php\/kontakt\/#breadcrumb\",\"itemListElement\":[{\"@type\":\"ListItem\",\"position\":1,\"name\":\"Strona g\u0142\u00f3wna\",\"item\":\"https:\/\/fpinop.wpia.uw.edu.pl\/\"},{\"@type\":\"ListItem\",\"position\":2,\"name\":\"Kontakt\"}]},{\"@type\":\"WebSite\",\"@id\":\"https:\/\/fpinop.wpia.uw.edu.pl\/#website\",\"url\":\"https:\/\/fpinop.wpia.uw.edu.pl\/\",\"name\":\"Katedra Filozofii Prawa i Nauki o Pa\u0144stwie\",\"description\":\"\",\"publisher\":{\"@id\":\"https:\/\/fpinop.wpia.uw.edu.pl\/#organization\"},\"potentialAction\":[{\"@type\":\"SearchAction\",\"target\":{\"@type\":\"EntryPoint\",\"urlTemplate\":\"https:\/\/fpinop.wpia.uw.edu.pl\/?s={search_term_string}\"},\"query-input\":\"required name=search_term_string\"}],\"inLanguage\":\"pl-PL\"},{\"@type\":\"Organization\",\"@id\":\"https:\/\/fpinop.wpia.uw.edu.pl\/#organization\",\"name\":\"Katedra Filozofii Prawa i Nauki o Pa\u0144stwie\",\"url\":\"https:\/\/fpinop.wpia.uw.edu.pl\/\",\"logo\":{\"@type\":\"ImageObject\",\"inLanguage\":\"pl-PL\",\"@id\":\"https:\/\/fpinop.wpia.uw.edu.pl\/#\/schema\/logo\/image\/\",\"url\":\"https:\/\/fpinop.wpia.uw.edu.pl\/wp-content\/uploads\/2025\/05\/cropped-Projekt-bez-nazwy.png\",\"contentUrl\":\"https:\/\/fpinop.wpia.uw.edu.pl\/wp-content\/uploads\/2025\/05\/cropped-Projekt-bez-nazwy.png\",\"width\":450,\"height\":227,\"caption\":\"Katedra Filozofii Prawa i Nauki o Pa\u0144stwie\"},\"image\":{\"@id\":\"https:\/\/fpinop.wpia.uw.edu.pl\/#\/schema\/logo\/image\/\"}}]}<\/script>\n<!-- \/ Yoast SEO plugin. -->","yoast_head_json":{"title":"Kontakt - Katedra Filozofii Prawa i Nauki o Pa\u0144stwie","robots":{"index":"index","follow":"follow","max-snippet":"max-snippet:-1","max-image-preview":"max-image-preview:large","max-video-preview":"max-video-preview:-1"},"canonical":"https:\/\/fpinop.wpia.uw.edu.pl\/index.php\/kontakt\/","og_locale":"pl_PL","og_type":"article","og_title":"Kontakt - Katedra Filozofii Prawa i Nauki o Pa\u0144stwie","og_description":"Wydzia\u0142 Prawa i Administracji Uniwersytetu WarszawskiegoCollegium Iuridicum I, pok\u00f3j 318Krakowskie Przedmie\u015bcie 26\/28,00-927 Warszawa Profil katedry na Facebooku.","og_url":"https:\/\/fpinop.wpia.uw.edu.pl\/index.php\/kontakt\/","og_site_name":"Katedra Filozofii Prawa i Nauki o Pa\u0144stwie","article_modified_time":"2023-07-10T13:00:59+00:00","twitter_card":"summary_large_image","twitter_misc":{"Szacowany czas czytania":"1 minuta"},"schema":{"@context":"https:\/\/schema.org","@graph":[{"@type":"WebPage","@id":"https:\/\/fpinop.wpia.uw.edu.pl\/index.php\/kontakt\/","url":"https:\/\/fpinop.wpia.uw.edu.pl\/index.php\/kontakt\/","name":"Kontakt - Katedra Filozofii Prawa i Nauki o Pa\u0144stwie","isPartOf":{"@id":"https:\/\/fpinop.wpia.uw.edu.pl\/#website"},"datePublished":"2023-06-18T22:06:09+00:00","dateModified":"2023-07-10T13:00:59+00:00","breadcrumb":{"@id":"https:\/\/fpinop.wpia.uw.edu.pl\/index.php\/kontakt\/#breadcrumb"},"inLanguage":"pl-PL","potentialAction":[{"@type":"ReadAction","target":["https:\/\/fpinop.wpia.uw.edu.pl\/index.php\/kontakt\/"]}]},{"@type":"BreadcrumbList","@id":"https:\/\/fpinop.wpia.uw.edu.pl\/index.php\/kontakt\/#breadcrumb","itemListElement":[{"@type":"ListItem","position":1,"name":"Strona g\u0142\u00f3wna","item":"https:\/\/fpinop.wpia.uw.edu.pl\/"},{"@type":"ListItem","position":2,"name":"Kontakt"}]},{"@type":"WebSite","@id":"https:\/\/fpinop.wpia.uw.edu.pl\/#website","url":"https:\/\/fpinop.wpia.uw.edu.pl\/","name":"Katedra Filozofii Prawa i Nauki o Pa\u0144stwie","description":"","publisher":{"@id":"https:\/\/fpinop.wpia.uw.edu.pl\/#organization"},"potentialAction":[{"@type":"SearchAction","target":{"@type":"EntryPoint","urlTemplate":"https:\/\/fpinop.wpia.uw.edu.pl\/?s={search_term_string}"},"query-input":"required name=search_term_string"}],"inLanguage":"pl-PL"},{"@type":"Organization","@id":"https:\/\/fpinop.wpia.uw.edu.pl\/#organization","name":"Katedra Filozofii Prawa i Nauki o Pa\u0144stwie","url":"https:\/\/fpinop.wpia.uw.edu.pl\/","logo":{"@type":"ImageObject","inLanguage":"pl-PL","@id":"https:\/\/fpinop.wpia.uw.edu.pl\/#\/schema\/logo\/image\/","url":"https:\/\/fpinop.wpia.uw.edu.pl\/wp-content\/uploads\/2025\/05\/cropped-Projekt-bez-nazwy.png","contentUrl":"https:\/\/fpinop.wpia.uw.edu.pl\/wp-content\/uploads\/2025\/05\/cropped-Projekt-bez-nazwy.png","width":450,"height":227,"caption":"Katedra Filozofii Prawa i Nauki o Pa\u0144stwie"},"image":{"@id":"https:\/\/fpinop.wpia.uw.edu.pl\/#\/schema\/logo\/image\/"}}]}},"_links":{"self":[{"href":"https:\/\/fpinop.wpia.uw.edu.pl\/index.php\/wp-json\/wp\/v2\/pages\/177","targetHints":{"allow":["GET"]}}],"collection":[{"href":"https:\/\/fpinop.wpia.uw.edu.pl\/index.php\/wp-json\/wp\/v2\/pages"}],"about":[{"href":"https:\/\/fpinop.wpia.uw.edu.pl\/index.php\/wp-json\/wp\/v2\/types\/page"}],"author":[{"embeddable":true,"href":"https:\/\/fpinop.wpia.uw.edu.pl\/index.php\/wp-json\/wp\/v2\/users\/1"}],"replies":[{"embeddable":true,"href":"https:\/\/fpinop.wpia.uw.edu.pl\/index.php\/wp-json\/wp\/v2\/comments?post=177"}],"version-history":[{"count":6,"href":"https:\/\/fpinop.wpia.uw.edu.pl\/index.php\/wp-json\/wp\/v2\/pages\/177\/revisions"}],"predecessor-version":[{"id":258,"href":"https:\/\/fpinop.wpia.uw.edu.pl\/index.php\/wp-json\/wp\/v2\/pages\/177\/revisions\/258"}],"wp:attachment":[{"href":"https:\/\/fpinop.wpia.uw.edu.pl\/index.php\/wp-json\/wp\/v2\/media?parent=177"}],"curies":[{"name":"wp","href":"https:\/\/api.w.org\/{rel}","templated":true}]}}

<p>Wydział Prawa i Administracji Uniwersytetu Warszawskiego<br>Collegium Iuridicum I, pokój 318<br>Krakowskie Przedmieście 26/28,<br>00-927 Warszawa</p>



<iframe src="https://www.google.com/maps/embed?pb=!1m18!1m12!1m3!1d2443.14582076679!2d21.01652871298303!3d52.240734971872534!2m3!1f0!2f0!3f0!3m2!1i1024!2i768!4f13.1!3m3!1m2!1s0x471ecc5c723987b1%3A0xd1fa9a4b7b470007!2sWydzia%C5%82%20Prawa%20i%20Administracji%20Uniwersytetu%20Warszawskiego.%20Collegium%20Iuridicum%20I!5e0!3m2!1spl!2sit!4v1688905182435!5m2!1spl!2sit" width="100%" height="140%" style="border:0;" allowfullscreen="true" loading="lazy" referrerpolicy="no-referrer-when-downgrade"></iframe>



<p></p>



<p>Profil katedry na <a href="https://facebook.com/fpinop/" target="_blank" rel="noreferrer noopener">Facebooku</a>.</p>

<p>Wydział Prawa i Administracji Uniwersytetu WarszawskiegoCollegium Iuridicum I, pokój 318Krakowskie Przedmieście 26/28,00-927 Warszawa Profil katedry na Facebooku.</p>

<!-- This site is optimized with the Yoast SEO plugin v20.10 - https://yoast.com/wordpress/plugins/seo/ -->
<title>Kontakt - Katedra Filozofii Prawa i Nauki o Państwie</title>
<meta name="robots" content="index, follow, max-snippet:-1, max-image-preview:large, max-video-preview:-1" />
<link rel="canonical" href="https://fpinop.wpia.uw.edu.pl/index.php/kontakt/" />
<meta property="og:locale" content="pl_PL" />
<meta property="og:type" content="article" />
<meta property="og:title" content="Kontakt - Katedra Filozofii Prawa i Nauki o Państwie" />
<meta property="og:description" content="Wydział Prawa i Administracji Uniwersytetu WarszawskiegoCollegium Iuridicum I, pokój 318Krakowskie Przedmieście 26/28,00-927 Warszawa Profil katedry na Facebooku." />
<meta property="og:url" content="https://fpinop.wpia.uw.edu.pl/index.php/kontakt/" />
<meta property="og:site_name" content="Katedra Filozofii Prawa i Nauki o Państwie" />
<meta property="article:modified_time" content="2023-07-10T13:00:59+00:00" />
<meta name="twitter:card" content="summary_large_image" />
<meta name="twitter:label1" content="Szacowany czas czytania" />
	<meta name="twitter:data1" content="1 minuta" />
<script type="application/ld+json" class="yoast-schema-graph">{"@context":"https://schema.org","@graph":[{"@type":"WebPage","@id":"https://fpinop.wpia.uw.edu.pl/index.php/kontakt/","url":"https://fpinop.wpia.uw.edu.pl/index.php/kontakt/","name":"Kontakt - Katedra Filozofii Prawa i Nauki o Państwie","isPartOf":{"@id":"https://fpinop.wpia.uw.edu.pl/#website"},"datePublished":"2023-06-18T22:06:09+00:00","dateModified":"2023-07-10T13:00:59+00:00","breadcrumb":{"@id":"https://fpinop.wpia.uw.edu.pl/index.php/kontakt/#breadcrumb"},"inLanguage":"pl-PL","potentialAction":[{"@type":"ReadAction","target":["https://fpinop.wpia.uw.edu.pl/index.php/kontakt/"]}]},{"@type":"BreadcrumbList","@id":"https://fpinop.wpia.uw.edu.pl/index.php/kontakt/#breadcrumb","itemListElement":[{"@type":"ListItem","position":1,"name":"Strona główna","item":"https://fpinop.wpia.uw.edu.pl/"},{"@type":"ListItem","position":2,"name":"Kontakt"}]},{"@type":"WebSite","@id":"https://fpinop.wpia.uw.edu.pl/#website","url":"https://fpinop.wpia.uw.edu.pl/","name":"Katedra Filozofii Prawa i Nauki o Państwie","description":"","publisher":{"@id":"https://fpinop.wpia.uw.edu.pl/#organization"},"potentialAction":[{"@type":"SearchAction","target":{"@type":"EntryPoint","urlTemplate":"https://fpinop.wpia.uw.edu.pl/?s={search_term_string}"},"query-input":"required name=search_term_string"}],"inLanguage":"pl-PL"},{"@type":"Organization","@id":"https://fpinop.wpia.uw.edu.pl/#organization","name":"Katedra Filozofii Prawa i Nauki o Państwie","url":"https://fpinop.wpia.uw.edu.pl/","logo":{"@type":"ImageObject","inLanguage":"pl-PL","@id":"https://fpinop.wpia.uw.edu.pl/#/schema/logo/image/","url":"https://fpinop.wpia.uw.edu.pl/wp-content/uploads/2025/05/cropped-Projekt-bez-nazwy.png","contentUrl":"https://fpinop.wpia.uw.edu.pl/wp-content/uploads/2025/05/cropped-Projekt-bez-nazwy.png","width":450,"height":227,"caption":"Katedra Filozofii Prawa i Nauki o Państwie"},"image":{"@id":"https://fpinop.wpia.uw.edu.pl/#/schema/logo/image/"}}]}</script>
<!-- / Yoast SEO plugin. -->

Kontakt - Katedra Filozofii Prawa i Nauki o Państwie

Wydział Prawa i Administracji Uniwersytetu WarszawskiegoCollegium Iuridicum I, pokój 318Krakowskie Przedmieście 26/28,00-927 Warszawa Profil katedry na Facebooku.

Katedra Filozofii Prawa i Nauki o Państwie

Strona główna
